 n?
26
Suppose 2*g + c = -3*c, 5*c + 5 = 0. What is the greatest common factor of g and 7?
1
Let r(o) = 7*o**2 - 94*o - 39. Let i be r(14). Let x be (17/2)/(1/6). What is the greatest common factor of i and x?
17
Suppose -87*c + 83*c = -136. Calculate the highest common factor of c and 238.
34
Let j = 35 + -13. Let r = 5 + j. Let g be (-18)/r*(-11 - 1). Calculate the highest common divisor of 88 and g.
8
Let f(j) = -4*j**3 + j**2 - 2*j + 1. Let k be f(1). Let r be (4*-2)/k - 17. Let h be (r + 1)*(-88)/16. What is the greatest common divisor of 11 and h?
11
Suppose 48 = 3*c - 282. Suppose 5*l - c = -30. Let j = l + -14. Calculate the highest common factor of j and 3.
1
Let s be (60/75)/(6/1365). What is the highest common factor of s and 21?
7
Let i = 116 - 88. What is the highest common factor of 35 and i?
7
Let w(s) = 5*s - 30. Let t be w(21). Suppose -2*a + t = -g, a + 2*g + 13 = 43. What is the greatest common factor of a and 90?
18
Let a(v) = 0*v + 7 + 6 + v. Let q be a(-11). Suppose -2*z - 5*n = 10, 0*n - n - 24 = -4*z. Calculate the highest common divisor of q and z.
1
Let y(p) = p**2 + 2*p - 2. Let g be y(3). Suppose -57 = -z - g. Let h = -1 - -12. Calculate the highest common factor of h and z.
11
Let v = -9 + 73. Calculate the highest common factor of v and 1728.
64
Let i be (4/(-3))/2*(9 - 63). What is the greatest common divisor of 2 and i?
2
Suppose -v + 3*i + i + 20 = 0, -i = -5*v + 24. Suppose b - 4*j - 28 = 0, v*b - 2*j + 5*j - 36 = 0. Calculate the greatest common divisor of 156 and b.
12
Suppose -4*i - 8*i + 132 = 0. Suppose 20 = 4*c, -c + i = -2*r + 3*r. Calculate the highest common divisor of r and 12.
6
Let h(s) = -s**3 - 15*s**2 - 16*s - 14. Let z be h(-14). Let n(o) = 29*o**2 + o - 2. Let v be n(1). Calculate the greatest common factor of v and z.
14
Let w(d) = 3 - d - 5 + 1. Let z be w(3). Let u be z/(-2) - -22 - -1. What is the highest common divisor of 10 and u?
5
Let t be 350/49 + 1/(-7). Calculate the highest common divisor of t and 7.
7
Let q(z) = 2*z**2 - z - 41. Let h be q(-5). What is the greatest common divisor of 4 and h?
2
Let p be 3/(30/(-825)*30/(-8)). Suppose 5*b - 297 = -p. What is the highest common factor of b and 5?
5
Let z = -137 - 123. Let m be (-4)/(-24) + z/(-24). Let r(w) = w**3 - w + 1. Let y be r(5). Calculate the greatest common factor of y and m.
11
Let y(s) = s**3 + 2. Let n be y(0). Suppose 130 = 3*o - n*o. Suppose -2*k - o = -4*k. What is the highest common divisor of k and 13?
13
Let z(b) = b**3 - b**2 - 2*b - 4. Let w be z(3). Let t be 51 + -5 - (-6)/1. Calculate the highest common factor of t and w.
4
Suppose 72 = 5*a - 123. Calculate the highest common factor of 91 and a.
13
Suppose -186*a = -191*a + 165. Calculate the highest common divisor of 2112 and a.
33
Suppose -79 = -5*y - 9. Let r(z) = 160 + 3*z**2 - z**2 + 2*z - 158. Let o be r(-3). What is the highest common divisor of o and y?
14
Let k(g) = -g**2 - 26*g + 91. Let j be k(-27). Calculate the highest common divisor of 4 and j.
4
Let p = 516 - 310. Suppose -5*a + 169 = -p. Suppose 0 = j - 6*j + a. What is the greatest common factor of j and 30?
15
Suppose 17*u - 27*u = -290. Suppose -w + u = 25. Calculate the greatest common divisor of 44 and w.
4
Let p(r) = -3*r - 11. Let z be p(-4). Suppose 0 = 4*j - q - 117, q - 80 = -3*j - z. What is the highest common divisor of 28 and j?
28
Let o(d) = 19*d**3 + 1. Let h be o(1). Calculate the greatest common divisor of 70 and h.
10
Suppose -5*p + 60 = 3*d - 135, -277 = -4*d - p. Let r be -2 + 136/12 + (-2)/(-3). What is the highest common divisor of d and r?
10
Suppose 17*h + 110 = 12*h. Let j = h + -11. Let f = -24 - j. What is the greatest common divisor of f and 81?
9
Suppose 4*g + 2*a - 122 = 0, 3*g - 111 = -0*g + 5*a. Calculate the greatest common divisor of g and 416.
32
Let i = 2 - -26. Let k be (-6)/4 + 726/(-4). Let d = k + 435. Calculate the greatest common factor of i and d.
28
Let m(g) = 2*g**2 + 7*g + 18. Let p be m(-3). Suppose -9*f = -p*f + 480. What is the highest common divisor of f and 40?
40
Let j(d) = -d + 14. Let h be j(-3). Suppose 36 = -0*t + 3*t. Let l = h - t. What is the highest common divisor of l and 40?
5
Let o be 4 + (-4)/(-6)*-3 + 11. Let q = -2 + o. Let w = -85 - -162. What is the greatest common divisor of q and w?
11
Let t = 322 - 156. Let o = 10 + t. Suppose 0 = -4*a + 2*a + o. Calculate the highest common divisor of 11 and a.
11
Let g(z) = -11*z - 5*z + 5 - 14*z. Let u be g(-1). What is the greatest common divisor of u and 7?
7
Let n = 499 - 59. Let h be (-2 - -3)/(-4 - (-1765)/n). Let f = -50 - -72. What is the greatest common factor of h and f?
22
Let o(y) = -4*y - 59. Let w be o(-15). Let n be (-2)/6 - (-16)/3. What is the highest common factor of w and n?
1
Let n = -1750 + 1800. Calculate the highest common divisor of 1550 and n.
50
Suppose -c - j + 15 = c, 3*c - 33 = -5*j. Calculate the greatest common factor of 384 and c.
6
Let c(q) be the first derivative of 13*q**3/3 - 2*q**2 - 4*q + 18. Let y be c(-2). What is the highest common factor of y and 7?
7
Let u be (-3 + 1)/((-6)/21). Let j(v) = 4*v - u - 10 - 11 + 26. Let p be j(4). Calculate the greatest common divisor of p and 42.
14
Let m(y) = -y**3 + 8*y**2 - 5*y + 58. Let d be m(7). Calculate the highest common factor of d and 198.
18
Let y be (-9)/(-6)*2 - -48. Let t = y + -11. Suppose p - 48 = -2*p. What is the highest common divisor of t and p?
8
Let d(g) = 6*g**2 + 9*g - 47. Let h be d(-7). What is the greatest common factor of h and 8?
8
Let u(p) = -9*p + 9 - 5 - 12*p. Let q be u(-5). Suppose -67 = -2*x + q. What is the greatest common factor of 8 and x?
8
Let m(g) = 2*g - 4. Let t be m(0). Let z = 16 + t. Let c(q) = -9*q + 6. Let y be c(-6). What is the highest common divisor of z and y?
12
Let t = -45 + 109. Suppose -j - t = -3*j. Let b be 10*(j/20)/2. Calculate the greatest common factor of b and 16.
8
Suppose 0*z = -5*z + 25. Suppose -3*j - 224 = 5*y - 705, 0 = -z*j + 10. Calculate the highest common divisor of y and 38.
19
Suppose -s = 2*n + 54, 3*n - 31 = 3*s + 131. Let v be (-2)/9 + (-1308)/s. Calculate the highest common factor of 12 and v.
12
Suppose 4*h - 4*p + 5*p - 10 = 0, 19 = 3*h - 5*p. Let g = h + 25. What is the highest common factor of g and 42?
14
Let g = 1438 + -659. What is the greatest common factor of 41 and g?
41
Let g(y) = -y - 7. Let n be g(-10). Let x = 543 - 498. What is the greatest common factor of n and x?
3
Let s be 41 - (2 - -2)*-1. Let h = 118 - 73. Calculate the highest common divisor of s and h.
45
Let r = -1311 - -1327. Calculate the greatest common factor of 1744 and r.
16
Let n = -1125 - -1171. Suppose -r - 184 = -2*r. Calculate the highest common divisor of n and r.
46
Let h = -1863 + 2079. Let r = 78 + -51. What is the highest common factor of r and h?
27
Let v = 30 + -28. Suppose v*z = 4*q - 98, -3*z + 7 - 127 = -5*q. Calculate the greatest common factor of 18 and q.
9
Suppose -2*f + 5*n = 4*n - 158, -3*f + 244 = 2*n. Suppose 16 = -4*c + f. Let i = -16 + 32. What is the highest common factor of c and i?
16
Suppose 10 = 2*c + l - 82, -4*c + 196 = 5*l. Suppose -19*d - c = -23*d. Let k = -19 + 30. What is the greatest common factor of d and k?
11
Let k(c) = -8*c + 34. Let j be k(-2). What is the highest common factor of j and 90?
10
Let v = 7 - -1. Let h(r) be the second derivative of r**3/2 + 6*r**2 - 20*r. Let t be h(4). Calculate the highest common divisor of v and t.
8
Let b = 23 - 19. Let q(i) be the third derivative of i**4/8 + 2*i**3 - 3*i**2. Let a be q(8). Calculate the highest common divisor of b and a.
4
Let v(x) = x**2 + 12*x + 9. Let f be v(-13). Calculate the greatest common factor of 374 and f.
22
Suppose 0 = -4*o + 3*o + 4. Suppose 60 = o*p + 4*m, 5*p + m = 3*m + 75. Calculate the greatest common divisor of p and 165.
15
Suppose -2*h - 2*h + 28 = 0. Let z = 19 + -16. Suppose z*b + 72 = h*b. What is the highest common divisor of 126 and b?
18
Let w be (-3)/((-90)/(-320))*-18. Suppose 0*a - 48 = -2*a. What is the highest common factor of a and w?
24
Let q be (-12)/4*(-4)/6. Suppose r = u - 7, 0*u - 4*u - q*r = -28. Let w be 3 - (0 + (5 - 3)). Calculate the greatest common divisor of w and u.
1
Let m(p) = p**3 + p - 1. Let a(b) = 5*b**2 +